{"id":22762,"date":"2021-01-08T16:22:58","date_gmt":"2021-01-08T19:22:58","guid":{"rendered":"https:\/\/iefc.com.br\/?post_type=product&#038;p=22762"},"modified":"2021-01-11T11:27:13","modified_gmt":"2021-01-11T14:27:13","slug":"a001d02-20","status":"publish","type":"product","link":"https:\/\/iefc.com.br\/index.php\/produto\/a001d02-20\/","title":{"rendered":"Alfabetiza\u00e7\u00e3o 1\u00ba ao 5\u00ba ano #A001D02"},"content":{"rendered":"","protected":false},"excerpt":{"rendered":"<div class=\"page\" title=\"Page 2\">\n<div class=\"section\">\n<div class=\"layoutArea\">\n<div class=\"column\">\n<p><strong>Ensino Fundamental I &#8211; 1\u00ba ao 5\u00ba ano (7 a 11 anos de idade)<\/strong><br \/>\nEnsino FundamentalAs s\u00e9ries iniciais do Ensino Fundamental s\u00e3o marcadas pela descoberta das linguagens formais, que envolvem o dom\u00ednio da leitura e da escrita e a utiliza\u00e7\u00e3o formal dos n\u00fameros e s\u00edmbolos matem\u00e1ticos.<\/p>\n<p><strong>A alfabetiza\u00e7\u00e3o como processo<\/strong><br \/>\nO 1\u00ba ano \u00e9 um per\u00edodo em que se estrutura a constru\u00e7\u00e3o formal da leitura e da escrita. Esse processo de alfabetiza\u00e7\u00e3o que se inicia desde a Educa\u00e7\u00e3o Infantil se consolida nessa fase por meio de Projetos e interven\u00e7\u00f5es do professor que permitem a descoberta dos sons, das palavras, das rela\u00e7\u00f5es fonol\u00f3gicas de maneira l\u00fadica e prazerosa. Na proposta da Coeducar, os alunos s\u00e3o estimulados a pensar sobre a escrita e a registrar seu pensamento e hip\u00f3teses sem os modelos pr\u00e9-estabelecidos ou cartilhas. Ler e escrever \u00e9 sempre uma aventura, um desafio, do qual todos participam, cada um a sua maneira e em seu tempo. Al\u00e9m dos professores regentes de cada turma, os alunos do 1\u00ba ano t\u00eam tamb\u00e9m professores especialistas de Arte e Musicaliza\u00e7\u00e3o, Educa\u00e7\u00e3o F\u00edsica e Incentivo \u00e0 Leitura, com profissionais capacitados e habilitados para desenvolver um trabalho integrado \u00e0s necessidades dos alunos, atuando de forma interdisciplinar.<\/p>\n<\/div>\n<\/div>\n<\/div>\n<\/div>\n<p style=\"text-align: center;\" align=\"justify\"><span style=\"color: #339966;\"><strong>AO PAGAR O CURSO, VOC\u00ca EST\u00c1 DE ACORDO COM O SEGUINTE TERMO<\/strong><\/span><\/p>\n<p align=\"justify\"><a href=\"https:\/\/iefc.com.br\/wp-content\/uploads\/2021\/01\/Acordo-on-line-iEFC-6000.jpg\"><img loading=\"lazy\" decoding=\"async\" class=\"alignnone wp-image-22765 size-full\" src=\"https:\/\/iefc.com.br\/wp-content\/uploads\/2021\/01\/Acordo-on-line-iEFC-6000.jpg\" alt=\"\" width=\"720\" height=\"978\" srcset=\"https:\/\/i0.wp.com\/iefc.com.br\/wp-content\/uploads\/2021\/01\/Acordo-on-line-iEFC-6000.jpg?w=720&amp;ssl=1 720w, https:\/\/i0.wp.com\/iefc.com.br\/wp-content\/uploads\/2021\/01\/Acordo-on-line-iEFC-6000.jpg?resize=221%2C300&amp;ssl=1 221w, https:\/\/i0.wp.com\/iefc.com.br\/wp-content\/uploads\/2021\/01\/Acordo-on-line-iEFC-6000.jpg?resize=300%2C408&amp;ssl=1 300w, https:\/\/i0.wp.com\/iefc.com.br\/wp-content\/uploads\/2021\/01\/Acordo-on-line-iEFC-6000.jpg?resize=600%2C815&amp;ssl=1 600w\" sizes=\"auto, (max-width: 720px) 100vw, 720px\" \/><\/a><a href=\"https:\/\/iefc.com.br\/wp-content\/uploads\/2020\/03\/Acordo-on-line-iEFC-6000.pdf\" target=\"_blank\" rel=\"noopener noreferrer\"><img loading=\"lazy\" decoding=\"async\" class=\"aligncenter wp-image-20501\" src=\"https:\/\/iefc.com.br\/wp-content\/uploads\/2020\/03\/bot_pdf.jpg\" alt=\"\" width=\"399\" height=\"61\" srcset=\"https:\/\/i0.wp.com\/iefc.com.br\/wp-content\/uploads\/2020\/03\/bot_pdf.jpg?w=635&amp;ssl=1 635w, https:\/\/i0.wp.com\/iefc.com.br\/wp-content\/uploads\/2020\/03\/bot_pdf.jpg?resize=300%2C46&amp;ssl=1 300w, https:\/\/i0.wp.com\/iefc.com.br\/wp-content\/uploads\/2020\/03\/bot_pdf.jpg?resize=600%2C92&amp;ssl=1 600w\" sizes=\"auto, (max-width: 399px) 100vw, 399px\" \/><\/a><\/p>\n","protected":false},"featured_media":22763,"comment_status":"open","ping_status":"closed","template":"","meta":{"_bbp_topic_count":0,"_bbp_reply_count":0,"_bbp_total_topic_count":0,"_bbp_total_reply_count":0,"_bbp_voice_count":0,"_bbp_anonymous_reply_count":0,"_bbp_topic_count_hidden":0,"_bbp_reply_count_hidden":0,"_bbp_forum_subforum_count":0,"content-type":"","pmpro_default_level":"","jetpack_publicize_message":"","jetpack_publicize_feature_enabled":true,"jetpack_social_post_already_shared":true,"jetpack_social_options":{"image_generator_settings":{"template":"highway","default_image_id":0,"font":"","enabled":false},"version":2}},"product_brand":[],"product_cat":[181,141,122,134,182,136],"product_tag":[184,142,183,137],"class_list":{"0":"post-22762","1":"product","2":"type-product","3":"status-publish","4":"has-post-thumbnail","6":"product_cat-alfabetizacao","7":"product_cat-bncc","8":"product_cat-curso","9":"product_cat-curso-rapido","10":"product_cat-ead","11":"product_cat-psicopedagogia","12":"product_tag-alfabetizacao","13":"product_tag-bncc","14":"product_tag-ead","15":"product_tag-psicopedagogia","16":"pmpro-has-access","18":"first","19":"instock","20":"sold-individually","21":"shipping-taxable","22":"purchasable","23":"product-type-simple"},"aioseo_notices":[],"jetpack_publicize_connections":[],"jetpack_sharing_enabled":true,"_links":{"self":[{"href":"https:\/\/iefc.com.br\/index.php\/wp-json\/wp\/v2\/product\/22762","targetHints":{"allow":["GET"]}}],"collection":[{"href":"https:\/\/iefc.com.br\/index.php\/wp-json\/wp\/v2\/product"}],"about":[{"href":"https:\/\/iefc.com.br\/index.php\/wp-json\/wp\/v2\/types\/product"}],"replies":[{"embeddable":true,"href":"https:\/\/iefc.com.br\/index.php\/wp-json\/wp\/v2\/comments?post=22762"}],"wp:featuredmedia":[{"embeddable":true,"href":"https:\/\/iefc.com.br\/index.php\/wp-json\/wp\/v2\/media\/22763"}],"wp:attachment":[{"href":"https:\/\/iefc.com.br\/index.php\/wp-json\/wp\/v2\/media?parent=22762"}],"wp:term":[{"taxonomy":"product_brand","embeddable":true,"href":"https:\/\/iefc.com.br\/index.php\/wp-json\/wp\/v2\/product_brand?post=22762"},{"taxonomy":"product_cat","embeddable":true,"href":"https:\/\/iefc.com.br\/index.php\/wp-json\/wp\/v2\/product_cat?post=22762"},{"taxonomy":"product_tag","embeddable":true,"href":"https:\/\/iefc.com.br\/index.php\/wp-json\/wp\/v2\/product_tag?post=22762"}],"curies":[{"name":"wp","href":"https:\/\/api.w.org\/{rel}","templated":true}]}}