{"id":22769,"date":"2021-01-08T17:10:19","date_gmt":"2021-01-08T20:10:19","guid":{"rendered":"https:\/\/iefc.com.br\/?post_type=product&#038;p=22769"},"modified":"2021-01-11T11:27:03","modified_gmt":"2021-01-11T14:27:03","slug":"a003d02-21","status":"publish","type":"product","link":"https:\/\/iefc.com.br\/index.php\/produto\/a003d02-21\/","title":{"rendered":"Fundamentos da Educa\u00e7\u00e3o #A003D02"},"content":{"rendered":"","protected":false},"excerpt":{"rendered":"<div class=\"page\" title=\"Page 2\">\n<div class=\"section\">\n<div class=\"layoutArea\">\n<div class=\"column\">\n<p>Voltada para os cursos de Licenciatura, a disciplina<strong> Fundamentos da Educa\u00e7\u00e3o<\/strong> busca promover uma introdu\u00e7\u00e3o \u00e0 an\u00e1lise e discuss\u00e3o do fen\u00f4meno educativo, considerando as rela\u00e7\u00f5es entre educa\u00e7\u00e3o e sociedade a partir de uma reflex\u00e3o te\u00f3rica, instrumentando o aluno para a compreens\u00e3o de sua forma\u00e7\u00e3o pr\u00e1tica como educador e para o enfrentamento te\u00f3rico-pr\u00e1tico das principais quest\u00f5es relativas \u00e0 Educa\u00e7\u00e3o brasileira numa perspectiva cr\u00edtica e transformadora.<\/p>\n<p>Desse modo, a disciplina se orienta para a promo\u00e7\u00e3o do desenvolvimento de compet\u00eancias como compreender o fen\u00f4meno educativo em sua complexidade, a partir de seus fundamentos s\u00f3cio-filos\u00f3ficos e refletir sobre a sua forma\u00e7\u00e3o como futuro educador e sobre seu papel no processo educativo e, especificamente, em seu compromisso pol\u00edtico-ideol\u00f3gico.<\/p>\n<\/div>\n<\/div>\n<\/div>\n<\/div>\n<p style=\"text-align: center;\" align=\"justify\"><span style=\"color: #339966;\"><strong>AO PAGAR O CURSO, VOC\u00ca EST\u00c1 DE ACORDO COM O SEGUINTE TERMO<\/strong><\/span><\/p>\n<p align=\"justify\"><a href=\"https:\/\/iefc.com.br\/wp-content\/uploads\/2021\/01\/Acordo-on-line-iEFC-4000.jpg\"><img loading=\"lazy\" decoding=\"async\" class=\"wp-image-22767 size-full aligncenter\" src=\"https:\/\/iefc.com.br\/wp-content\/uploads\/2021\/01\/Acordo-on-line-iEFC-4000.jpg\" alt=\"\" width=\"681\" height=\"944\" srcset=\"https:\/\/i0.wp.com\/iefc.com.br\/wp-content\/uploads\/2021\/01\/Acordo-on-line-iEFC-4000.jpg?w=681&amp;ssl=1 681w, https:\/\/i0.wp.com\/iefc.com.br\/wp-content\/uploads\/2021\/01\/Acordo-on-line-iEFC-4000.jpg?resize=216%2C300&amp;ssl=1 216w, https:\/\/i0.wp.com\/iefc.com.br\/wp-content\/uploads\/2021\/01\/Acordo-on-line-iEFC-4000.jpg?resize=300%2C416&amp;ssl=1 300w, https:\/\/i0.wp.com\/iefc.com.br\/wp-content\/uploads\/2021\/01\/Acordo-on-line-iEFC-4000.jpg?resize=600%2C832&amp;ssl=1 600w\" sizes=\"auto, (max-width: 681px) 100vw, 681px\" \/><\/a><a href=\"https:\/\/iefc.com.br\/wp-content\/uploads\/2021\/01\/Acordo-on-line-iEFC-4000.pdf\" target=\"_blank\" rel=\"noopener noreferrer\"><img loading=\"lazy\" decoding=\"async\" class=\"aligncenter wp-image-20501\" src=\"https:\/\/iefc.com.br\/wp-content\/uploads\/2020\/03\/bot_pdf.jpg\" alt=\"\" width=\"399\" height=\"61\" srcset=\"https:\/\/i0.wp.com\/iefc.com.br\/wp-content\/uploads\/2020\/03\/bot_pdf.jpg?w=635&amp;ssl=1 635w, https:\/\/i0.wp.com\/iefc.com.br\/wp-content\/uploads\/2020\/03\/bot_pdf.jpg?resize=300%2C46&amp;ssl=1 300w, https:\/\/i0.wp.com\/iefc.com.br\/wp-content\/uploads\/2020\/03\/bot_pdf.jpg?resize=600%2C92&amp;ssl=1 600w\" sizes=\"auto, (max-width: 399px) 100vw, 399px\" \/><\/a><\/p>\n","protected":false},"featured_media":22770,"comment_status":"open","ping_status":"closed","template":"","meta":{"_bbp_topic_count":0,"_bbp_reply_count":0,"_bbp_total_topic_count":0,"_bbp_total_reply_count":0,"_bbp_voice_count":0,"_bbp_anonymous_reply_count":0,"_bbp_topic_count_hidden":0,"_bbp_reply_count_hidden":0,"_bbp_forum_subforum_count":0,"content-type":"","pmpro_default_level":"","jetpack_publicize_message":"","jetpack_publicize_feature_enabled":true,"jetpack_social_post_already_shared":true,"jetpack_social_options":{"image_generator_settings":{"template":"highway","default_image_id":0,"font":"","enabled":false},"version":2}},"product_brand":[],"product_cat":[141,122,134,182,136],"product_tag":[142,183,185,137],"class_list":{"0":"post-22769","1":"product","2":"type-product","3":"status-publish","4":"has-post-thumbnail","6":"product_cat-bncc","7":"product_cat-curso","8":"product_cat-curso-rapido","9":"product_cat-ead","10":"product_cat-psicopedagogia","11":"product_tag-bncc","12":"product_tag-ead","13":"product_tag-fundamentos","14":"product_tag-psicopedagogia","15":"pmpro-has-access","17":"first","18":"instock","19":"sold-individually","20":"shipping-taxable","21":"purchasable","22":"product-type-simple"},"aioseo_notices":[],"jetpack_publicize_connections":[],"jetpack_sharing_enabled":true,"_links":{"self":[{"href":"https:\/\/iefc.com.br\/index.php\/wp-json\/wp\/v2\/product\/22769","targetHints":{"allow":["GET"]}}],"collection":[{"href":"https:\/\/iefc.com.br\/index.php\/wp-json\/wp\/v2\/product"}],"about":[{"href":"https:\/\/iefc.com.br\/index.php\/wp-json\/wp\/v2\/types\/product"}],"replies":[{"embeddable":true,"href":"https:\/\/iefc.com.br\/index.php\/wp-json\/wp\/v2\/comments?post=22769"}],"wp:featuredmedia":[{"embeddable":true,"href":"https:\/\/iefc.com.br\/index.php\/wp-json\/wp\/v2\/media\/22770"}],"wp:attachment":[{"href":"https:\/\/iefc.com.br\/index.php\/wp-json\/wp\/v2\/media?parent=22769"}],"wp:term":[{"taxonomy":"product_brand","embeddable":true,"href":"https:\/\/iefc.com.br\/index.php\/wp-json\/wp\/v2\/product_brand?post=22769"},{"taxonomy":"product_cat","embeddable":true,"href":"https:\/\/iefc.com.br\/index.php\/wp-json\/wp\/v2\/product_cat?post=22769"},{"taxonomy":"product_tag","embeddable":true,"href":"https:\/\/iefc.com.br\/index.php\/wp-json\/wp\/v2\/product_tag?post=22769"}],"curies":[{"name":"wp","href":"https:\/\/api.w.org\/{rel}","templated":true}]}}