{"id":22809,"date":"2021-01-11T10:38:37","date_gmt":"2021-01-11T13:38:37","guid":{"rendered":"https:\/\/iefc.com.br\/?post_type=product&#038;p=22809"},"modified":"2021-01-11T10:56:52","modified_gmt":"2021-01-11T13:56:52","slug":"c078","status":"publish","type":"product","link":"https:\/\/iefc.com.br\/index.php\/produto\/c078\/","title":{"rendered":"Viol\u00eancias contra a Crian\u00e7a e o Adolescente #C078D02"},"content":{"rendered":"","protected":false},"excerpt":{"rendered":"<div class=\"page\" title=\"Page 2\">\n<div class=\"section\">\n<div class=\"layoutArea\">\n<div class=\"column\">\n<p>A Constitui\u00e7\u00e3o Federal, em seu artigo 5\u00ba, garante o direito \u00e0 vida como um direito fundamental e, em seu artigo 227, assegura esse direito com prioridade para crian\u00e7as e adolescentes, impondo \u00e0 fam\u00edlia, \u00e0 sociedade e ao Estado o dever de coloc\u00e1-los a salvo devendo se punir severamente o abuso, a viol\u00eancia e a explora\u00e7\u00e3o sexual. O cen\u00e1rio atual, por\u00e9m, aponta que s\u00e3o grandes os desafios para a garantia da prote\u00e7\u00e3o integral de crian\u00e7as e adolescentes.<br \/>\nNo Brasil, os principais tipos de viol\u00eancia registrados contra crian\u00e7as e adolescentes em 2014 foram neglig\u00eancia (37%), viol\u00eancia psicol\u00f3gica (21%), viol\u00eancia f\u00edsica (25%) e sexual (13%), de acordo com dados do Disque Direitos Humanos \u2013 M\u00f3dulo Crian\u00e7a e Adolescente (Disque 100) \u2013 canal de comunica\u00e7\u00e3o entre a sociedade civil e o poder p\u00fablico para denunciar viola\u00e7\u00f5es aos direitos humanos. \u00c9 importante frisar que em uma \u00fanica den\u00fancia podem ser informados mais de um tipo de viola\u00e7\u00e3o.<br \/>\nSegundo dados do Sistema de Informa\u00e7\u00f5es sobre Mortalidade (SIM), quanto \u00e0 viol\u00eancia letal, somente em 2013 ocorreram 57.396 homic\u00eddios no Brasil. Desses, 10.723 foram assassinatos de crian\u00e7as e adolescentes com idade entre zero e 19 anos (18,7% dos homic\u00eddios), o que representa uma taxa de, aproximadamente, 16,7 homic\u00eddios por 100 mil habitantes de zero a 19 anos, sendo esta a principal causa de morte. Ainda, 79% (8.454) dessas mortes foram causadas por armas de fogo.<br \/>\n\u00c9 importante destacarmos tamb\u00e9m o alto \u00edndice de letalidade das interven\u00e7\u00f5es policiais do pa\u00eds. Segundo dados dispon\u00edveis, em 2013, as mortes de jovens entre zero e 19 anos correspondem a 34% do total de homic\u00eddios provocados por a\u00e7\u00f5es policiais, sendo 35% a medida da propor\u00e7\u00e3o dessas mortes pelas regi\u00f5es do pa\u00eds. Ao olharmos para esses homic\u00eddios, chama a aten\u00e7\u00e3o o fato de 74% das v\u00edtimas do ano de 2013 serem negras e, 24,6% brancas (Sistema de Informa\u00e7\u00f5es sobre Mortalidade \u2013 SIM).<br \/>\nQuanto \u00e0 viol\u00eancia sexual, de acordo com os casos notificados no sistema de sa\u00fade em 2011, mais de 70% dos estupros foram cometidos contra crian\u00e7as e adolescentes no Brasil \u2013 isso porque, estima o Instituto de Pesquisa Econ\u00f4mica Aplicada (IPEA), apenas 10% dos casos s\u00e3o notificados no pa\u00eds (Nota T\u00e9cnica: Estupro no Brasil: uma radiografia segundo os dados da Sa\u00fade. IPEA, 2014). A pessoa apontada como agressor, em 71% dos casos, \u00e9 familiar ou pessoa pr\u00f3xima da v\u00edtima.<br \/>\nA partir deste cen\u00e1rio, entendemos que \u00e9 fundamental discutir e implementar pol\u00edticas p\u00fablicas voltadas \u00e0 preven\u00e7\u00e3o e redu\u00e7\u00e3o da viol\u00eancia contra crian\u00e7as e adolescentes, efetivando a doutrina da prote\u00e7\u00e3o integral insculpida na Constitui\u00e7\u00e3o Federal.<\/p>\n<\/div>\n<\/div>\n<\/div>\n<\/div>\n<p style=\"text-align: center;\" align=\"justify\"><span style=\"color: #339966;\"><strong>AO PAGAR O CURSO, VOC\u00ca EST\u00c1 DE ACORDO COM O SEGUINTE TERMO<\/strong><\/span><\/p>\n<p align=\"justify\"><img loading=\"lazy\" decoding=\"async\" class=\"size-full wp-image-20795 aligncenter\" src=\"https:\/\/iefc.com.br\/wp-content\/uploads\/2020\/03\/Acordo-on-line-iEFC-10000.jpg\" alt=\"\" width=\"720\" height=\"978\" srcset=\"https:\/\/i0.wp.com\/iefc.com.br\/wp-content\/uploads\/2020\/03\/Acordo-on-line-iEFC-10000.jpg?w=720&amp;ssl=1 720w, https:\/\/i0.wp.com\/iefc.com.br\/wp-content\/uploads\/2020\/03\/Acordo-on-line-iEFC-10000.jpg?resize=221%2C300&amp;ssl=1 221w, https:\/\/i0.wp.com\/iefc.com.br\/wp-content\/uploads\/2020\/03\/Acordo-on-line-iEFC-10000.jpg?resize=300%2C408&amp;ssl=1 300w, https:\/\/i0.wp.com\/iefc.com.br\/wp-content\/uploads\/2020\/03\/Acordo-on-line-iEFC-10000.jpg?resize=600%2C815&amp;ssl=1 600w\" sizes=\"auto, (max-width: 720px) 100vw, 720px\" \/><a href=\"https:\/\/iefc.com.br\/wp-content\/uploads\/2020\/03\/Acordo-on-line-iEFC-10000.pdf\" target=\"_blank\" rel=\"noopener noreferrer\"><img loading=\"lazy\" decoding=\"async\" class=\"aligncenter wp-image-20501\" src=\"https:\/\/iefc.com.br\/wp-content\/uploads\/2020\/03\/bot_pdf.jpg\" alt=\"\" width=\"399\" height=\"61\" srcset=\"https:\/\/i0.wp.com\/iefc.com.br\/wp-content\/uploads\/2020\/03\/bot_pdf.jpg?w=635&amp;ssl=1 635w, https:\/\/i0.wp.com\/iefc.com.br\/wp-content\/uploads\/2020\/03\/bot_pdf.jpg?resize=300%2C46&amp;ssl=1 300w, https:\/\/i0.wp.com\/iefc.com.br\/wp-content\/uploads\/2020\/03\/bot_pdf.jpg?resize=600%2C92&amp;ssl=1 600w\" sizes=\"auto, (max-width: 399px) 100vw, 399px\" \/><\/a><\/p>\n","protected":false},"featured_media":22810,"comment_status":"open","ping_status":"closed","template":"","meta":{"_bbp_topic_count":0,"_bbp_reply_count":0,"_bbp_total_topic_count":0,"_bbp_total_reply_count":0,"_bbp_voice_count":0,"_bbp_anonymous_reply_count":0,"_bbp_topic_count_hidden":0,"_bbp_reply_count_hidden":0,"_bbp_forum_subforum_count":0,"content-type":"","pmpro_default_level":"","jetpack_publicize_message":"","jetpack_publicize_feature_enabled":true,"jetpack_social_post_already_shared":true,"jetpack_social_options":{"image_generator_settings":{"template":"highway","default_image_id":0,"font":"","enabled":false},"version":2}},"product_brand":[],"product_cat":[122,134,182,202],"product_tag":[162],"class_list":{"0":"post-22809","1":"product","2":"type-product","3":"status-publish","4":"has-post-thumbnail","6":"product_cat-curso","7":"product_cat-curso-rapido","8":"product_cat-ead","9":"product_cat-servico-social","10":"product_tag-servico-social","11":"pmpro-has-access","13":"first","14":"instock","15":"sold-individually","16":"shipping-taxable","17":"purchasable","18":"product-type-simple"},"aioseo_notices":[],"jetpack_publicize_connections":[],"jetpack_sharing_enabled":true,"_links":{"self":[{"href":"https:\/\/iefc.com.br\/index.php\/wp-json\/wp\/v2\/product\/22809","targetHints":{"allow":["GET"]}}],"collection":[{"href":"https:\/\/iefc.com.br\/index.php\/wp-json\/wp\/v2\/product"}],"about":[{"href":"https:\/\/iefc.com.br\/index.php\/wp-json\/wp\/v2\/types\/product"}],"replies":[{"embeddable":true,"href":"https:\/\/iefc.com.br\/index.php\/wp-json\/wp\/v2\/comments?post=22809"}],"wp:featuredmedia":[{"embeddable":true,"href":"https:\/\/iefc.com.br\/index.php\/wp-json\/wp\/v2\/media\/22810"}],"wp:attachment":[{"href":"https:\/\/iefc.com.br\/index.php\/wp-json\/wp\/v2\/media?parent=22809"}],"wp:term":[{"taxonomy":"product_brand","embeddable":true,"href":"https:\/\/iefc.com.br\/index.php\/wp-json\/wp\/v2\/product_brand?post=22809"},{"taxonomy":"product_cat","embeddable":true,"href":"https:\/\/iefc.com.br\/index.php\/wp-json\/wp\/v2\/product_cat?post=22809"},{"taxonomy":"product_tag","embeddable":true,"href":"https:\/\/iefc.com.br\/index.php\/wp-json\/wp\/v2\/product_tag?post=22809"}],"curies":[{"name":"wp","href":"https:\/\/api.w.org\/{rel}","templated":true}]}}