{"id":22825,"date":"2021-01-12T19:05:30","date_gmt":"2021-01-12T22:05:30","guid":{"rendered":"https:\/\/iefc.com.br\/?post_type=product&#038;p=22825"},"modified":"2021-01-12T19:13:33","modified_gmt":"2021-01-12T22:13:33","slug":"c095","status":"publish","type":"product","link":"https:\/\/iefc.com.br\/index.php\/produto\/c095\/","title":{"rendered":"Metodologia Matem\u00e1tica: Modelagem e Resolu\u00e7\u00e3o de Problemas no Ensino M\u00e9dio #C095D02"},"content":{"rendered":"","protected":false},"excerpt":{"rendered":"<p>O conhecimento constru\u00eddo a partir da investiga\u00e7\u00e3o e da explora\u00e7\u00e3o com prop\u00f3sito de formar conceitos sobre o objeto de estudo constitui uma nova perspectiva do processo ensino\/aprendizagem.<span class=\"Apple-converted-space\">\u00a0<\/span><\/p>\n<p>A Resolu\u00e7\u00e3o de Problemas \u00e9 um vasto campo do conhecimento matem\u00e1tico, visto que, desenvolve a capacidade do aluno de argumentar, levantar hip\u00f3teses, tentar, compreender e raciocinar. Ao elaborar um problema, deve-se levar em conta que a solu\u00e7\u00e3o envolve opera\u00e7\u00f5es que n\u00e3o est\u00e3o contidas no enunciado de maneira clara.<span class=\"Apple-converted-space\">\u00a0<\/span><\/p>\n<p>Um bom problema nunca fica completamente esgotado, sempre restar\u00e1 alguma coisa a fazer, compreender e melhorar a resolu\u00e7\u00e3o. Esses problemas servem ainda para aumentar consideravelmente o repert\u00f3rio do solucionador, proporcionando um m\u00e9todo ou resultado que, com bom senso e o devido cuidado, poder\u00e1 ser aplicado em v\u00e1rios outros casos.<span class=\"Apple-converted-space\">\u00a0<\/span><\/p>\n<p>Outro aspecto importante de um bom problema matem\u00e1tico \u00e9 que ele deve despertar algum interesse em quem est\u00e1 disposto a resolv\u00ea-lo. S\u00f3 assim, para o solucionador ser\u00e1 poss\u00edvel dedicar-se na busca do objetivo final.<span class=\"Apple-converted-space\">\u00a0\u00a0<\/span><\/p>\n<p>Sabe-se que a Matem\u00e1tica est\u00e1 presente no cotidiano do aluno e de todos os cidad\u00e3os. \u00c9 um conhecimento b\u00e1sico para a sobreviv\u00eancia de toda a humanidade Diante de uma situa\u00e7\u00e3o problema, muitas vezes o aluno se mostra alheio, pouco interessado. Portanto, motiva\u00e7\u00e3o \u00e9 um quesito important\u00edssimo para o desenvolvimento de qualquer conte\u00fado matem\u00e1tico.<span class=\"Apple-converted-space\">\u00a0<\/span><\/p>\n<p>Certificado de 120 Horas\/Aula<\/p>\n<p style=\"text-align: center;\" align=\"justify\"><span style=\"color: #339966;\"><strong>AO PAGAR O CURSO, VOC\u00ca EST\u00c1 DE ACORDO COM O SEGUINTE TERMO<\/strong><\/span><\/p>\n<p align=\"justify\"><img loading=\"lazy\" decoding=\"async\" class=\"size-full wp-image-20793 aligncenter\" src=\"https:\/\/iefc.com.br\/wp-content\/uploads\/2020\/04\/Acordo-on-line-iEFC-12000.jpg\" alt=\"\" width=\"720\" height=\"978\" srcset=\"https:\/\/i0.wp.com\/iefc.com.br\/wp-content\/uploads\/2020\/04\/Acordo-on-line-iEFC-12000.jpg?w=720&amp;ssl=1 720w, https:\/\/i0.wp.com\/iefc.com.br\/wp-content\/uploads\/2020\/04\/Acordo-on-line-iEFC-12000.jpg?resize=221%2C300&amp;ssl=1 221w, https:\/\/i0.wp.com\/iefc.com.br\/wp-content\/uploads\/2020\/04\/Acordo-on-line-iEFC-12000.jpg?resize=300%2C408&amp;ssl=1 300w, https:\/\/i0.wp.com\/iefc.com.br\/wp-content\/uploads\/2020\/04\/Acordo-on-line-iEFC-12000.jpg?resize=600%2C815&amp;ssl=1 600w\" sizes=\"auto, (max-width: 720px) 100vw, 720px\" \/><\/p>\n<p><a href=\"https:\/\/iefc.com.br\/wp-content\/uploads\/2020\/04\/Acordo-on-line-iEFC-12000.pdf\" target=\"_blank\" rel=\"noopener noreferrer\"><img loading=\"lazy\" decoding=\"async\" class=\"aligncenter wp-image-20501\" src=\"https:\/\/iefc.com.br\/wp-content\/uploads\/2020\/03\/bot_pdf.jpg\" alt=\"\" width=\"399\" height=\"61\" srcset=\"https:\/\/i0.wp.com\/iefc.com.br\/wp-content\/uploads\/2020\/03\/bot_pdf.jpg?w=635&amp;ssl=1 635w, https:\/\/i0.wp.com\/iefc.com.br\/wp-content\/uploads\/2020\/03\/bot_pdf.jpg?resize=300%2C46&amp;ssl=1 300w, https:\/\/i0.wp.com\/iefc.com.br\/wp-content\/uploads\/2020\/03\/bot_pdf.jpg?resize=600%2C92&amp;ssl=1 600w\" sizes=\"auto, (max-width: 399px) 100vw, 399px\" \/><br \/>\n<\/a><\/p>\n<p><span style=\"color: #0000ff;\"><strong>CERTIFICA\u00c7\u00c3O MEDIANTE PAGAMENTO<\/strong><\/span><\/p>\n","protected":false},"featured_media":22826,"comment_status":"open","ping_status":"closed","template":"","meta":{"_bbp_topic_count":0,"_bbp_reply_count":0,"_bbp_total_topic_count":0,"_bbp_total_reply_count":0,"_bbp_voice_count":0,"_bbp_anonymous_reply_count":0,"_bbp_topic_count_hidden":0,"_bbp_reply_count_hidden":0,"_bbp_forum_subforum_count":0,"content-type":"","pmpro_default_level":"","jetpack_publicize_message":"","jetpack_publicize_feature_enabled":true,"jetpack_social_post_already_shared":true,"jetpack_social_options":{"image_generator_settings":{"template":"highway","default_image_id":0,"font":"","enabled":false},"version":2}},"product_brand":[],"product_cat":[122,134,182,211,136],"product_tag":[183,212,137],"class_list":{"0":"post-22825","1":"product","2":"type-product","3":"status-publish","4":"has-post-thumbnail","6":"product_cat-curso","7":"product_cat-curso-rapido","8":"product_cat-ead","9":"product_cat-matematica","10":"product_cat-psicopedagogia","11":"product_tag-ead","12":"product_tag-matematica","13":"product_tag-psicopedagogia","14":"pmpro-has-access","16":"first","17":"instock","18":"sold-individually","19":"shipping-taxable","20":"purchasable","21":"product-type-simple"},"aioseo_notices":[],"jetpack_publicize_connections":[],"jetpack_sharing_enabled":true,"_links":{"self":[{"href":"https:\/\/iefc.com.br\/index.php\/wp-json\/wp\/v2\/product\/22825","targetHints":{"allow":["GET"]}}],"collection":[{"href":"https:\/\/iefc.com.br\/index.php\/wp-json\/wp\/v2\/product"}],"about":[{"href":"https:\/\/iefc.com.br\/index.php\/wp-json\/wp\/v2\/types\/product"}],"replies":[{"embeddable":true,"href":"https:\/\/iefc.com.br\/index.php\/wp-json\/wp\/v2\/comments?post=22825"}],"wp:featuredmedia":[{"embeddable":true,"href":"https:\/\/iefc.com.br\/index.php\/wp-json\/wp\/v2\/media\/22826"}],"wp:attachment":[{"href":"https:\/\/iefc.com.br\/index.php\/wp-json\/wp\/v2\/media?parent=22825"}],"wp:term":[{"taxonomy":"product_brand","embeddable":true,"href":"https:\/\/iefc.com.br\/index.php\/wp-json\/wp\/v2\/product_brand?post=22825"},{"taxonomy":"product_cat","embeddable":true,"href":"https:\/\/iefc.com.br\/index.php\/wp-json\/wp\/v2\/product_cat?post=22825"},{"taxonomy":"product_tag","embeddable":true,"href":"https:\/\/iefc.com.br\/index.php\/wp-json\/wp\/v2\/product_tag?post=22825"}],"curies":[{"name":"wp","href":"https:\/\/api.w.org\/{rel}","templated":true}]}}