{"id":22829,"date":"2021-01-12T19:27:26","date_gmt":"2021-01-12T22:27:26","guid":{"rendered":"https:\/\/iefc.com.br\/?post_type=product&#038;p=22829"},"modified":"2021-01-12T19:32:51","modified_gmt":"2021-01-12T22:32:51","slug":"c135","status":"publish","type":"product","link":"https:\/\/iefc.com.br\/index.php\/produto\/c135\/","title":{"rendered":"O L\u00fadico e as Pr\u00e1ticas Pedag\u00f3gicas nos Anos Finais na BNCC #C135D02"},"content":{"rendered":"","protected":false},"excerpt":{"rendered":"<p>Considerando que o l\u00fadico \u00e9 enaltecido como elemento que contribui para o desenvolvimento saud\u00e1vel de aspectos f\u00edsicos, cognitivos, sociais e emocionais do ser humano, buscou-se neste estudo realizar um levantamento bibliogr\u00e1fico que aponte se existe interesse dos profissionais da educa\u00e7\u00e3o em pesquisar sobre a relev\u00e2ncia do l\u00fadico para a a\u00e7\u00e3o pedag\u00f3gica com crian\u00e7as e jovens das s\u00e9ries finais do Ensino Fundamental II (6o, 7o, 8o e 9o anos). O empenho no tema se deu pelo interesse de pesquisar metodologias diversificadas e que atendam o grupo heterog\u00eaneo do Ensino Fundamental II. A metodologia deste trabalho \u00e9 a da pesquisa bibliogr\u00e1fica, a partir de fontes dispon\u00edveis na internet, nos bancos de dados de quatro reposit\u00f3rios, a saber, Google Acad\u00eamico, Scielo, Biblioteca Digital Brasileira de Teses e Disserta\u00e7\u00f5es (BDTD), e Biblioteca Digital de Teses e Disserta\u00e7\u00f5es da USP. Das pesquisas encontradas foram analisados os Resumos de onde chegou-se as considera\u00e7\u00f5es de que, nas pesquisas, o l\u00fadico \u00e9 muitas vezes apontado apenas como uma estrat\u00e9gia espec\u00edfica, para atender um componente curricular espec\u00edfico ou um conte\u00fado espec\u00edfico e que, portanto, existe espa\u00e7o significativo para pesquisas que investiguem a a\u00e7\u00e3o do l\u00fadico em alunos do Ensino Fundamental II (6o, 7o, 8o e 9o anos).<\/p>\n<p style=\"text-align: center;\" align=\"justify\"><span style=\"color: #339966;\"><strong>AO PAGAR O CURSO, VOC\u00ca EST\u00c1 DE ACORDO COM O SEGUINTE TERMO<\/strong><\/span><\/p>\n<p align=\"justify\"><img loading=\"lazy\" decoding=\"async\" class=\"size-full wp-image-20794 aligncenter\" src=\"https:\/\/iefc.com.br\/wp-content\/uploads\/2020\/03\/Acordo-on-line-iEFC-8000.jpg\" alt=\"\" width=\"720\" height=\"978\" srcset=\"https:\/\/i0.wp.com\/iefc.com.br\/wp-content\/uploads\/2020\/03\/Acordo-on-line-iEFC-8000.jpg?w=720&amp;ssl=1 720w, https:\/\/i0.wp.com\/iefc.com.br\/wp-content\/uploads\/2020\/03\/Acordo-on-line-iEFC-8000.jpg?resize=221%2C300&amp;ssl=1 221w, https:\/\/i0.wp.com\/iefc.com.br\/wp-content\/uploads\/2020\/03\/Acordo-on-line-iEFC-8000.jpg?resize=300%2C408&amp;ssl=1 300w, https:\/\/i0.wp.com\/iefc.com.br\/wp-content\/uploads\/2020\/03\/Acordo-on-line-iEFC-8000.jpg?resize=600%2C815&amp;ssl=1 600w\" sizes=\"auto, (max-width: 720px) 100vw, 720px\" \/><a href=\"https:\/\/iefc.com.br\/wp-content\/uploads\/2020\/03\/Acordo-on-line-iEFC-8000.pdf\" target=\"_blank\" rel=\"noopener noreferrer\"><img loading=\"lazy\" decoding=\"async\" class=\"aligncenter wp-image-20501\" src=\"https:\/\/iefc.com.br\/wp-content\/uploads\/2020\/03\/bot_pdf.jpg\" alt=\"\" width=\"399\" height=\"61\" srcset=\"https:\/\/i0.wp.com\/iefc.com.br\/wp-content\/uploads\/2020\/03\/bot_pdf.jpg?w=635&amp;ssl=1 635w, https:\/\/i0.wp.com\/iefc.com.br\/wp-content\/uploads\/2020\/03\/bot_pdf.jpg?resize=300%2C46&amp;ssl=1 300w, https:\/\/i0.wp.com\/iefc.com.br\/wp-content\/uploads\/2020\/03\/bot_pdf.jpg?resize=600%2C92&amp;ssl=1 600w\" sizes=\"auto, (max-width: 399px) 100vw, 399px\" \/><\/a><\/p>\n","protected":false},"featured_media":22830,"comment_status":"open","ping_status":"closed","template":"","meta":{"_bbp_topic_count":0,"_bbp_reply_count":0,"_bbp_total_topic_count":0,"_bbp_total_reply_count":0,"_bbp_voice_count":0,"_bbp_anonymous_reply_count":0,"_bbp_topic_count_hidden":0,"_bbp_reply_count_hidden":0,"_bbp_forum_subforum_count":0,"content-type":"","pmpro_default_level":"","jetpack_publicize_message":"","jetpack_publicize_feature_enabled":true,"jetpack_social_post_already_shared":true,"jetpack_social_options":{"image_generator_settings":{"template":"highway","default_image_id":0,"font":"","enabled":false},"version":2}},"product_brand":[],"product_cat":[148,141,122,134,182,136],"product_tag":[143,142,183,137],"class_list":{"0":"post-22829","1":"product","2":"type-product","3":"status-publish","4":"has-post-thumbnail","6":"product_cat-anos-finais","7":"product_cat-bncc","8":"product_cat-curso","9":"product_cat-curso-rapido","10":"product_cat-ead","11":"product_cat-psicopedagogia","12":"product_tag-anos-finais","13":"product_tag-bncc","14":"product_tag-ead","15":"product_tag-psicopedagogia","16":"pmpro-has-access","18":"first","19":"instock","20":"sold-individually","21":"shipping-taxable","22":"purchasable","23":"product-type-simple"},"aioseo_notices":[],"jetpack_publicize_connections":[],"jetpack_sharing_enabled":true,"_links":{"self":[{"href":"https:\/\/iefc.com.br\/index.php\/wp-json\/wp\/v2\/product\/22829","targetHints":{"allow":["GET"]}}],"collection":[{"href":"https:\/\/iefc.com.br\/index.php\/wp-json\/wp\/v2\/product"}],"about":[{"href":"https:\/\/iefc.com.br\/index.php\/wp-json\/wp\/v2\/types\/product"}],"replies":[{"embeddable":true,"href":"https:\/\/iefc.com.br\/index.php\/wp-json\/wp\/v2\/comments?post=22829"}],"wp:featuredmedia":[{"embeddable":true,"href":"https:\/\/iefc.com.br\/index.php\/wp-json\/wp\/v2\/media\/22830"}],"wp:attachment":[{"href":"https:\/\/iefc.com.br\/index.php\/wp-json\/wp\/v2\/media?parent=22829"}],"wp:term":[{"taxonomy":"product_brand","embeddable":true,"href":"https:\/\/iefc.com.br\/index.php\/wp-json\/wp\/v2\/product_brand?post=22829"},{"taxonomy":"product_cat","embeddable":true,"href":"https:\/\/iefc.com.br\/index.php\/wp-json\/wp\/v2\/product_cat?post=22829"},{"taxonomy":"product_tag","embeddable":true,"href":"https:\/\/iefc.com.br\/index.php\/wp-json\/wp\/v2\/product_tag?post=22829"}],"curies":[{"name":"wp","href":"https:\/\/api.w.org\/{rel}","templated":true}]}}