{"id":22862,"date":"2021-01-18T19:42:12","date_gmt":"2021-01-18T22:42:12","guid":{"rendered":"https:\/\/iefc.com.br\/?post_type=product&#038;p=22862"},"modified":"2021-01-18T19:46:47","modified_gmt":"2021-01-18T22:46:47","slug":"f002","status":"publish","type":"product","link":"https:\/\/iefc.com.br\/index.php\/produto\/f002\/","title":{"rendered":"Servi\u00e7o Social: Pr\u00e1ticas e Habilidades #F002D02"},"content":{"rendered":"","protected":false},"excerpt":{"rendered":"<div class=\"page\" title=\"Page 2\">\n<div class=\"section\">\n<div class=\"layoutArea\">\n<div class=\"column\">\n<p>O profissional de <strong>Servi\u00e7o Social<\/strong> realiza um trabalho essencialmente socioeducativo e est\u00e1 qualificado para atuar nas diversas \u00e1reas ligadas \u00e0 condu\u00e7\u00e3o das pol\u00edticas sociais p\u00fablicas e privadas, tais como planejamento, organiza\u00e7\u00e3o, execu\u00e7\u00e3o, avalia\u00e7\u00e3o, gest\u00e3o, pesquisa e assessoria.<br \/>\nO seu trabalho tem como principal objetivo responder \u00e0s demandas dos usu\u00e1rios dos servi\u00e7os prestados, garantindo o acesso aos direitos assegurados na Constitui\u00e7\u00e3o Federal de 1988 e na legisla\u00e7\u00e3o complementar. Para isso, o assistente social utiliza v\u00e1rios instrumentos de trabalho, como entrevistas, an\u00e1lises sociais, relat\u00f3rios, levantamento de recursos, encaminhamentos, visitas domiciliares, din\u00e2micas de grupo, pareceres sociais, contatos institucionais, entre outros.<br \/>\nO assistente social \u00e9 respons\u00e1vel por fazer uma an\u00e1lise da realidade social e institucional, e intervir para melhorar as condi\u00e7\u00f5es de vida do usu\u00e1rio. A adequada utiliza\u00e7\u00e3o desses instrumentos requer uma cont\u00ednua capacita\u00e7\u00e3o profissional que busque aprimorar seus conhecimentos e habilidades nas suas diversas \u00e1reas de atua\u00e7\u00e3o.<br \/>\nA atua\u00e7\u00e3o do assistente social faz-se desenvolvendo ou propondo pol\u00edticas p\u00fablicas que possam responder pelo acesso dos segmentos de popula\u00e7\u00f5es aos servi\u00e7os e benef\u00edcios constru\u00eddos e conquistados socialmente, principalmente, aquelas da \u00e1rea da Seguridade Social.<\/p>\n<\/div>\n<\/div>\n<\/div>\n<\/div>\n<p style=\"text-align: center;\" align=\"justify\"><span style=\"color: #339966;\"><strong>AO PAGAR O CURSO, VOC\u00ca EST\u00c1 DE ACORDO COM O SEGUINTE TERMO<\/strong><\/span><\/p>\n<p align=\"justify\"><a href=\"https:\/\/iefc.com.br\/wp-content\/uploads\/2021\/01\/Acordo-on-line-iEFC-6000.jpg\"><img loading=\"lazy\" decoding=\"async\" class=\"alignnone wp-image-22765 size-full\" src=\"https:\/\/iefc.com.br\/wp-content\/uploads\/2021\/01\/Acordo-on-line-iEFC-6000.jpg\" alt=\"\" width=\"720\" height=\"978\" srcset=\"https:\/\/i0.wp.com\/iefc.com.br\/wp-content\/uploads\/2021\/01\/Acordo-on-line-iEFC-6000.jpg?w=720&amp;ssl=1 720w, https:\/\/i0.wp.com\/iefc.com.br\/wp-content\/uploads\/2021\/01\/Acordo-on-line-iEFC-6000.jpg?resize=221%2C300&amp;ssl=1 221w, https:\/\/i0.wp.com\/iefc.com.br\/wp-content\/uploads\/2021\/01\/Acordo-on-line-iEFC-6000.jpg?resize=300%2C408&amp;ssl=1 300w, https:\/\/i0.wp.com\/iefc.com.br\/wp-content\/uploads\/2021\/01\/Acordo-on-line-iEFC-6000.jpg?resize=600%2C815&amp;ssl=1 600w\" sizes=\"auto, (max-width: 720px) 100vw, 720px\" \/><\/a><a href=\"https:\/\/iefc.com.br\/wp-content\/uploads\/2020\/03\/Acordo-on-line-iEFC-6000.pdf\" target=\"_blank\" rel=\"noopener noreferrer\"><img loading=\"lazy\" decoding=\"async\" class=\"aligncenter wp-image-20501\" src=\"https:\/\/iefc.com.br\/wp-content\/uploads\/2020\/03\/bot_pdf.jpg\" alt=\"\" width=\"399\" height=\"61\" srcset=\"https:\/\/i0.wp.com\/iefc.com.br\/wp-content\/uploads\/2020\/03\/bot_pdf.jpg?w=635&amp;ssl=1 635w, https:\/\/i0.wp.com\/iefc.com.br\/wp-content\/uploads\/2020\/03\/bot_pdf.jpg?resize=300%2C46&amp;ssl=1 300w, https:\/\/i0.wp.com\/iefc.com.br\/wp-content\/uploads\/2020\/03\/bot_pdf.jpg?resize=600%2C92&amp;ssl=1 600w\" sizes=\"auto, (max-width: 399px) 100vw, 399px\" \/><\/a><\/p>\n","protected":false},"featured_media":22863,"comment_status":"open","ping_status":"closed","template":"","meta":{"_bbp_topic_count":0,"_bbp_reply_count":0,"_bbp_total_topic_count":0,"_bbp_total_reply_count":0,"_bbp_voice_count":0,"_bbp_anonymous_reply_count":0,"_bbp_topic_count_hidden":0,"_bbp_reply_count_hidden":0,"_bbp_forum_subforum_count":0,"content-type":"","pmpro_default_level":"","jetpack_publicize_message":"","jetpack_publicize_feature_enabled":true,"jetpack_social_post_already_shared":true,"jetpack_social_options":{"image_generator_settings":{"template":"highway","default_image_id":0,"font":"","enabled":false},"version":2}},"product_brand":[],"product_cat":[128,122,134,182,202],"product_tag":[183,162],"class_list":{"0":"post-22862","1":"product","2":"type-product","3":"status-publish","4":"has-post-thumbnail","6":"product_cat-atualidades","7":"product_cat-curso","8":"product_cat-curso-rapido","9":"product_cat-ead","10":"product_cat-servico-social","11":"product_tag-ead","12":"product_tag-servico-social","13":"pmpro-has-access","15":"first","16":"instock","17":"sold-individually","18":"shipping-taxable","19":"purchasable","20":"product-type-simple"},"aioseo_notices":[],"jetpack_publicize_connections":[],"jetpack_sharing_enabled":true,"_links":{"self":[{"href":"https:\/\/iefc.com.br\/index.php\/wp-json\/wp\/v2\/product\/22862","targetHints":{"allow":["GET"]}}],"collection":[{"href":"https:\/\/iefc.com.br\/index.php\/wp-json\/wp\/v2\/product"}],"about":[{"href":"https:\/\/iefc.com.br\/index.php\/wp-json\/wp\/v2\/types\/product"}],"replies":[{"embeddable":true,"href":"https:\/\/iefc.com.br\/index.php\/wp-json\/wp\/v2\/comments?post=22862"}],"wp:featuredmedia":[{"embeddable":true,"href":"https:\/\/iefc.com.br\/index.php\/wp-json\/wp\/v2\/media\/22863"}],"wp:attachment":[{"href":"https:\/\/iefc.com.br\/index.php\/wp-json\/wp\/v2\/media?parent=22862"}],"wp:term":[{"taxonomy":"product_brand","embeddable":true,"href":"https:\/\/iefc.com.br\/index.php\/wp-json\/wp\/v2\/product_brand?post=22862"},{"taxonomy":"product_cat","embeddable":true,"href":"https:\/\/iefc.com.br\/index.php\/wp-json\/wp\/v2\/product_cat?post=22862"},{"taxonomy":"product_tag","embeddable":true,"href":"https:\/\/iefc.com.br\/index.php\/wp-json\/wp\/v2\/product_tag?post=22862"}],"curies":[{"name":"wp","href":"https:\/\/api.w.org\/{rel}","templated":true}]}}