{"id":22872,"date":"2021-01-19T08:20:30","date_gmt":"2021-01-19T11:20:30","guid":{"rendered":"https:\/\/iefc.com.br\/?post_type=product&#038;p=22872"},"modified":"2021-01-19T08:28:49","modified_gmt":"2021-01-19T11:28:49","slug":"of01","status":"publish","type":"product","link":"https:\/\/iefc.com.br\/index.php\/produto\/of01\/","title":{"rendered":"Jogos Pedag\u00f3gicos #OF01D02"},"content":{"rendered":"","protected":false},"excerpt":{"rendered":"<div class=\"page\" title=\"Page 2\">\n<div class=\"section\">\n<div class=\"layoutArea\">\n<div class=\"column\">\n<p>Voc\u00ea provavelmente se lembra de algum jogo que fez muito sucesso na inf\u00e2ncia ou adolesc\u00eancia, certo? Agora, imagine se essa mesma brincadeira fosse inserida nas suas aulas: ser\u00e1 que seus alunos n\u00e3o ficariam curiosos para conhecer? Ser\u00e1 que v\u00e3o se divertir tanto quanto voc\u00ea quando era crian\u00e7a? O que poderiam aprender enquanto se divertem? Estas s\u00e3o quest\u00f5es centrais para definir que uso pode ser feito dos jogos l\u00fadicos e pedag\u00f3gicos na Educa\u00e7\u00e3o: desenvolver habilidades cognitivas e de racioc\u00ednio ou trabalhar com uma finalidade pedag\u00f3gica. A resposta est\u00e1 na intencionalidade.\u00a0\u2028\u201cSe n\u00e3o tiver situa\u00e7\u00f5es problema e desafios, se n\u00e3o favorecer a argumenta\u00e7\u00e3o, se n\u00e3o tra\u00e7ar estrat\u00e9gias que permitam pensar sobre o jogo, a atividade n\u00e3o trar\u00e1 aprendizado. A intencionalidade \u00e9 fundamental\u201d, afirma Lino de Macedo, professor do Instituto de Psicologia da Universidade de S\u00e3o Paulo (USP) e especialista em jogos infantis. O jogo pelo jogo, diz, n\u00e3o tem qualquer valor pedag\u00f3gico e \u00e9 apenas divers\u00e3o.<br \/>\nComo fazer bom uso dos <strong>Jogos<\/strong>\u00a0<strong>Pedag\u00f3gicos<\/strong>?<br \/>\nConsiderando que os jogos aproveitam a curiosidade natural das crian\u00e7as e jovens, logo de partida eles oferecem esse elemento da atratividade. Mas para fazer bom uso desse instrumento \u00e9 interessante que o professor goste de jogos. \u201cSe o professor n\u00e3o joga e n\u00e3o gosta de jogos, certamente essa estrat\u00e9gia did\u00e1tica n\u00e3o ser\u00e1 boa, pois \u00e9 preciso, sobretudo, gostar desse tipo de atividade\u201d, alerta Lino de Macedo. O segundo passo \u00e9 se colocar como um educador brincante. Isto \u00e9, ser um jogador e conhecer bem o jogo para n\u00e3o cair em situa\u00e7\u00f5es que possam desestruturar seu planejamento.\u00a0\u2028Com a inten\u00e7\u00e3o pedag\u00f3gica bem clara, o passo seguinte \u00e9 trabalhar com problematiza\u00e7\u00f5es. O ideal \u00e9 que o jogo fa\u00e7a com que o aluno pense sobre aquilo que est\u00e1 fazendo, seja qual for a disciplina. Em outras palavras, \u00e9 usar o jogo como contexto dentro de algumas situa\u00e7\u00f5es para que seja uma atividade produtiva e n\u00e3o s\u00f3 um passatempo.<\/p>\n<\/div>\n<\/div>\n<\/div>\n<\/div>\n<p style=\"text-align: center;\" align=\"justify\"><span style=\"color: #339966;\"><strong>AO PAGAR O CURSO, VOC\u00ca EST\u00c1 DE ACORDO COM O SEGUINTE TERMO<\/strong><\/span><\/p>\n<p align=\"justify\"><img loading=\"lazy\" decoding=\"async\" class=\"size-full wp-image-20795 aligncenter\" src=\"https:\/\/iefc.com.br\/wp-content\/uploads\/2020\/03\/Acordo-on-line-iEFC-10000.jpg\" alt=\"\" width=\"720\" height=\"978\" srcset=\"https:\/\/i0.wp.com\/iefc.com.br\/wp-content\/uploads\/2020\/03\/Acordo-on-line-iEFC-10000.jpg?w=720&amp;ssl=1 720w, https:\/\/i0.wp.com\/iefc.com.br\/wp-content\/uploads\/2020\/03\/Acordo-on-line-iEFC-10000.jpg?resize=221%2C300&amp;ssl=1 221w, https:\/\/i0.wp.com\/iefc.com.br\/wp-content\/uploads\/2020\/03\/Acordo-on-line-iEFC-10000.jpg?resize=300%2C408&amp;ssl=1 300w, https:\/\/i0.wp.com\/iefc.com.br\/wp-content\/uploads\/2020\/03\/Acordo-on-line-iEFC-10000.jpg?resize=600%2C815&amp;ssl=1 600w\" sizes=\"auto, (max-width: 720px) 100vw, 720px\" \/><a href=\"https:\/\/iefc.com.br\/wp-content\/uploads\/2020\/03\/Acordo-on-line-iEFC-10000.pdf\" target=\"_blank\" rel=\"noopener noreferrer\"><img loading=\"lazy\" decoding=\"async\" class=\"aligncenter wp-image-20501\" src=\"https:\/\/iefc.com.br\/wp-content\/uploads\/2020\/03\/bot_pdf.jpg\" alt=\"\" width=\"399\" height=\"61\" srcset=\"https:\/\/i0.wp.com\/iefc.com.br\/wp-content\/uploads\/2020\/03\/bot_pdf.jpg?w=635&amp;ssl=1 635w, https:\/\/i0.wp.com\/iefc.com.br\/wp-content\/uploads\/2020\/03\/bot_pdf.jpg?resize=300%2C46&amp;ssl=1 300w, https:\/\/i0.wp.com\/iefc.com.br\/wp-content\/uploads\/2020\/03\/bot_pdf.jpg?resize=600%2C92&amp;ssl=1 600w\" sizes=\"auto, (max-width: 399px) 100vw, 399px\" \/><\/a><\/p>\n","protected":false},"featured_media":22873,"comment_status":"open","ping_status":"closed","template":"","meta":{"_bbp_topic_count":0,"_bbp_reply_count":0,"_bbp_total_topic_count":0,"_bbp_total_reply_count":0,"_bbp_voice_count":0,"_bbp_anonymous_reply_count":0,"_bbp_topic_count_hidden":0,"_bbp_reply_count_hidden":0,"_bbp_forum_subforum_count":0,"content-type":"","pmpro_default_level":"","jetpack_publicize_message":"","jetpack_publicize_feature_enabled":true,"jetpack_social_post_already_shared":true,"jetpack_social_options":{"image_generator_settings":{"template":"highway","default_image_id":0,"font":"","enabled":false},"version":2}},"product_brand":[],"product_cat":[122,182,136],"product_tag":[183,137],"class_list":{"0":"post-22872","1":"product","2":"type-product","3":"status-publish","4":"has-post-thumbnail","6":"product_cat-curso","7":"product_cat-ead","8":"product_cat-psicopedagogia","9":"product_tag-ead","10":"product_tag-psicopedagogia","11":"pmpro-has-access","13":"first","14":"instock","15":"sold-individually","16":"shipping-taxable","17":"purchasable","18":"product-type-simple"},"aioseo_notices":[],"jetpack_publicize_connections":[],"jetpack_sharing_enabled":true,"_links":{"self":[{"href":"https:\/\/iefc.com.br\/index.php\/wp-json\/wp\/v2\/product\/22872","targetHints":{"allow":["GET"]}}],"collection":[{"href":"https:\/\/iefc.com.br\/index.php\/wp-json\/wp\/v2\/product"}],"about":[{"href":"https:\/\/iefc.com.br\/index.php\/wp-json\/wp\/v2\/types\/product"}],"replies":[{"embeddable":true,"href":"https:\/\/iefc.com.br\/index.php\/wp-json\/wp\/v2\/comments?post=22872"}],"wp:featuredmedia":[{"embeddable":true,"href":"https:\/\/iefc.com.br\/index.php\/wp-json\/wp\/v2\/media\/22873"}],"wp:attachment":[{"href":"https:\/\/iefc.com.br\/index.php\/wp-json\/wp\/v2\/media?parent=22872"}],"wp:term":[{"taxonomy":"product_brand","embeddable":true,"href":"https:\/\/iefc.com.br\/index.php\/wp-json\/wp\/v2\/product_brand?post=22872"},{"taxonomy":"product_cat","embeddable":true,"href":"https:\/\/iefc.com.br\/index.php\/wp-json\/wp\/v2\/product_cat?post=22872"},{"taxonomy":"product_tag","embeddable":true,"href":"https:\/\/iefc.com.br\/index.php\/wp-json\/wp\/v2\/product_tag?post=22872"}],"curies":[{"name":"wp","href":"https:\/\/api.w.org\/{rel}","templated":true}]}}