{"id":22902,"date":"2021-07-06T10:54:24","date_gmt":"2021-07-06T13:54:24","guid":{"rendered":"https:\/\/iefc.com.br\/?post_type=product&#038;p=22902"},"modified":"2021-07-09T11:36:46","modified_gmt":"2021-07-09T14:36:46","slug":"cpb02","status":"publish","type":"product","link":"https:\/\/iefc.com.br\/index.php\/produto\/cpb02\/","title":{"rendered":"Curso Profissional B\u00e1sico de Educa\u00e7\u00e3o Especial Inclusiva #CPB02"},"content":{"rendered":"","protected":false},"excerpt":{"rendered":"<p>A <strong>Educa\u00e7\u00e3o Especial Inclusiva<\/strong> \u00e9 uma metodologia pedag\u00f3gica que combina no\u00e7\u00f5es da educa\u00e7\u00e3o regular com a educa\u00e7\u00e3o especial. O objetivo principal desse sistema educacional \u00e9 promover a integra\u00e7\u00e3o entre todas as crian\u00e7as da comunidade. Para garantir que essa finalidade seja alcan\u00e7ada, \u00e9 fundamental que ocorra uma uni\u00e3o entre as pol\u00edticas p\u00fablicas, institui\u00e7\u00f5es de ensino, fam\u00edlia e professores qualificados.<br \/>\n<strong>O que \u00e9 educa\u00e7\u00e3o especial?<\/strong><br \/>\nDe acordo com o art. 58 da Lei de Diretrizes e Bases da Educa\u00e7\u00e3o Nacional, a Educa\u00e7\u00e3o Especial \u00e9 a modalidade de educa\u00e7\u00e3o voltada aos &#8220;educandos com defici\u00eancia, transtornos globais do desenvolvimento e altas habilidades ou superdota\u00e7\u00e3o\u201d.<br \/>\nA Educa\u00e7\u00e3o Especial tem como p\u00fablico-alvo crian\u00e7as com alguma defici\u00eancia, sendo ofertada em escolas do ensino regular ou institui\u00e7\u00f5es especializadas, como as escolas para cegos, escolas para surdos, etc. Nessas escolas, a estrutura, equipamentos e professores s\u00e3o especializados. No entanto, a cr\u00edtica \u00e9 pelo fato de n\u00e3o ocorrer o conv\u00edvio entre as crian\u00e7as, independente das suas condi\u00e7\u00f5es f\u00edsicas ou cognitivas.<br \/>\n<strong>O que \u00e9 educa\u00e7\u00e3o Inclusiva? <\/strong><br \/>\nJ\u00e1 a Educa\u00e7\u00e3o Inclusiva visa maior integra\u00e7\u00e3o entre as crian\u00e7as a partir da difus\u00e3o do ensino coletivo. Dessa forma, o ambiente escolar promove o conv\u00edvio entre os alunos com necessidades especiais ou n\u00e3o, favorecendo a aproxima\u00e7\u00e3o entre as crian\u00e7as.<br \/>\nO ensino inclusivo tamb\u00e9m est\u00e1 relacionado as popula\u00e7\u00f5es com culturas diferentes, como os quilombolas, ind\u00edgenas, etc. A iniciativa tamb\u00e9m precisa que as escolas da educa\u00e7\u00e3o regular sejam adequadas ao correto atendimento dessas crian\u00e7as. A metodologia tamb\u00e9m contribui para favorecer a diversidade, visto que o ambiente atende crian\u00e7as em diferentes situa\u00e7\u00f5es.<br \/>\n<strong>Qualifica\u00e7\u00e3o para professores em educa\u00e7\u00e3o inclusiva<\/strong><br \/>\nO curso de Educa\u00e7\u00e3o Inclusiva \u00e9 uma oportunidade para professores que desejam trabalhar com a educa\u00e7\u00e3o especial inclusiva. Dispon\u00edvel na modalidade de p\u00f3s-gradua\u00e7\u00e3o, o curso especializa os profissionais da \u00e1rea educacional para sobre as estrat\u00e9gias, t\u00e9cnicas e metodologias para atua\u00e7\u00e3o com defici\u00eancias f\u00edsicas e cognitivas. A p\u00f3s-gradua\u00e7\u00e3o possui dura\u00e7\u00e3o m\u00e9dia de 15 meses e pode ser encontrada como especializa\u00e7\u00e3o a dist\u00e2ncia e presencial.<\/p>\n<p><strong>Certificado de 300 Horas\/Aula<\/strong><\/p>\n<p style=\"text-align: center;\" align=\"justify\"><span style=\"color: #339966;\"><strong>AO PAGAR O CURSO, VOC\u00ca EST\u00c1 DE ACORDO COM O SEGUINTE TERMO<\/strong><\/span><a href=\"https:\/\/iefc.com.br\/wp-content\/uploads\/2021\/07\/Acordo-on-line-iEFC-300.jpg\"><img loading=\"lazy\" decoding=\"async\" class=\"wp-image-22897 size-full aligncenter\" src=\"https:\/\/iefc.com.br\/wp-content\/uploads\/2021\/07\/Acordo-on-line-iEFC-300.jpg\" alt=\"\" width=\"682\" height=\"950\" srcset=\"https:\/\/i0.wp.com\/iefc.com.br\/wp-content\/uploads\/2021\/07\/Acordo-on-line-iEFC-300.jpg?w=682&amp;ssl=1 682w, https:\/\/i0.wp.com\/iefc.com.br\/wp-content\/uploads\/2021\/07\/Acordo-on-line-iEFC-300.jpg?resize=215%2C300&amp;ssl=1 215w, https:\/\/i0.wp.com\/iefc.com.br\/wp-content\/uploads\/2021\/07\/Acordo-on-line-iEFC-300.jpg?resize=300%2C418&amp;ssl=1 300w, https:\/\/i0.wp.com\/iefc.com.br\/wp-content\/uploads\/2021\/07\/Acordo-on-line-iEFC-300.jpg?resize=600%2C836&amp;ssl=1 600w\" sizes=\"auto, (max-width: 682px) 100vw, 682px\" \/><\/a><\/p>\n<p><a href=\"https:\/\/iefc.com.br\/wp-content\/uploads\/2021\/07\/Acordo-on-line-iEFC-300H-A.pdf\" target=\"_blank\" rel=\"noopener noreferrer\"><img loading=\"lazy\" decoding=\"async\" class=\"aligncenter wp-image-20501\" src=\"https:\/\/iefc.com.br\/wp-content\/uploads\/2020\/03\/bot_pdf.jpg\" alt=\"\" width=\"399\" height=\"61\" srcset=\"https:\/\/i0.wp.com\/iefc.com.br\/wp-content\/uploads\/2020\/03\/bot_pdf.jpg?w=635&amp;ssl=1 635w, https:\/\/i0.wp.com\/iefc.com.br\/wp-content\/uploads\/2020\/03\/bot_pdf.jpg?resize=300%2C46&amp;ssl=1 300w, https:\/\/i0.wp.com\/iefc.com.br\/wp-content\/uploads\/2020\/03\/bot_pdf.jpg?resize=600%2C92&amp;ssl=1 600w\" sizes=\"auto, (max-width: 399px) 100vw, 399px\" \/><br \/>\n<\/a><\/p>\n<p><span style=\"color: #0000ff;\"><strong>CERTIFICA\u00c7\u00c3O MEDIANTE PAGAMENTO TOTAL DO VALOR DO CURSO*<\/strong><\/span><\/p>\n<p><strong>*CONSULTE PARA FORMAS DE PAGAMENTO MENSAL<\/strong><\/p>\n","protected":false},"featured_media":22909,"comment_status":"open","ping_status":"closed","template":"","meta":{"_bbp_topic_count":0,"_bbp_reply_count":0,"_bbp_total_topic_count":0,"_bbp_total_reply_count":0,"_bbp_voice_count":0,"_bbp_anonymous_reply_count":0,"_bbp_topic_count_hidden":0,"_bbp_reply_count_hidden":0,"_bbp_forum_subforum_count":0,"content-type":"","pmpro_default_level":"","jetpack_publicize_message":"","jetpack_publicize_feature_enabled":true,"jetpack_social_post_already_shared":true,"jetpack_social_options":{"image_generator_settings":{"template":"highway","default_image_id":0,"font":"","enabled":false},"version":2}},"product_brand":[],"product_cat":[122,182,123],"product_tag":[183,127],"class_list":{"0":"post-22902","1":"product","2":"type-product","3":"status-publish","4":"has-post-thumbnail","6":"product_cat-curso","7":"product_cat-ead","8":"product_cat-educacao-especial","9":"product_tag-ead","10":"product_tag-educacao-especial","11":"pmpro-has-access","13":"first","14":"instock","15":"sold-individually","16":"shipping-taxable","17":"purchasable","18":"product-type-simple"},"aioseo_notices":[],"jetpack_publicize_connections":[],"jetpack_sharing_enabled":true,"_links":{"self":[{"href":"https:\/\/iefc.com.br\/index.php\/wp-json\/wp\/v2\/product\/22902","targetHints":{"allow":["GET"]}}],"collection":[{"href":"https:\/\/iefc.com.br\/index.php\/wp-json\/wp\/v2\/product"}],"about":[{"href":"https:\/\/iefc.com.br\/index.php\/wp-json\/wp\/v2\/types\/product"}],"replies":[{"embeddable":true,"href":"https:\/\/iefc.com.br\/index.php\/wp-json\/wp\/v2\/comments?post=22902"}],"wp:featuredmedia":[{"embeddable":true,"href":"https:\/\/iefc.com.br\/index.php\/wp-json\/wp\/v2\/media\/22909"}],"wp:attachment":[{"href":"https:\/\/iefc.com.br\/index.php\/wp-json\/wp\/v2\/media?parent=22902"}],"wp:term":[{"taxonomy":"product_brand","embeddable":true,"href":"https:\/\/iefc.com.br\/index.php\/wp-json\/wp\/v2\/product_brand?post=22902"},{"taxonomy":"product_cat","embeddable":true,"href":"https:\/\/iefc.com.br\/index.php\/wp-json\/wp\/v2\/product_cat?post=22902"},{"taxonomy":"product_tag","embeddable":true,"href":"https:\/\/iefc.com.br\/index.php\/wp-json\/wp\/v2\/product_tag?post=22902"}],"curies":[{"name":"wp","href":"https:\/\/api.w.org\/{rel}","templated":true}]}}