{"id":22910,"date":"2021-07-09T11:50:28","date_gmt":"2021-07-09T14:50:28","guid":{"rendered":"https:\/\/iefc.com.br\/?post_type=product&#038;p=22910"},"modified":"2021-07-09T12:00:14","modified_gmt":"2021-07-09T15:00:14","slug":"cpb03","status":"publish","type":"product","link":"https:\/\/iefc.com.br\/index.php\/produto\/cpb03\/","title":{"rendered":"Curso Profissional B\u00e1sico de Cuidador Escolar #CPB03"},"content":{"rendered":"","protected":false},"excerpt":{"rendered":"<p>Dar acesso a direitos fundamentais \u00e9 compet\u00eancia do Estado brasileiro, visto que uma vez garantido tais prerrogativas no texto constitucional, caber\u00e1 a ele possibilitar meios para que sejam efetivados.<br \/>\nAssim acontece com a educa\u00e7\u00e3o, que sendo um direito do cidad\u00e3o e obriga\u00e7\u00e3o do Estado brasileiro, dever\u00e1 ele propor meios para que todos tenham acesso a ela, inclusive aqueles com alguma dificuldade para acompanhar o ensino regular.<br \/>\nAqui entra o <strong>cuidador escolar<\/strong>, pessoa respons\u00e1vel por auxiliar as <strong>crian\u00e7as e adolescentes<\/strong>\u00a0no atendimento de suas necessidades presentes durante o seu aprendizado.<br \/>\nSendo a educa\u00e7\u00e3o um direito fundamental desses jovens, inclusive daqueles\u00a0com necessidades especiais, a import\u00e2ncia e<strong> fun\u00e7\u00e3o do cuidador escolar<\/strong> come\u00e7a a ser amplamente difundida, seja no setor p\u00fablico ou privado, inclusive sendo discutida a sua obrigatoriedade por meio de lei no Congresso Nacional.<br \/>\nPoucos s\u00e3o os <a href=\"https:\/\/www.educamundo.com.br\/\" target=\"_blank\" rel=\"noopener\">cursos online com certificado<\/a> voltados a preparar o profissional para estes ambientes de trabalho. Por esse motivo, o <strong>Educamundo <\/strong>organizou o <strong>Curso Online Cuidador Escolar<\/strong>, com um conte\u00fado program\u00e1tico especialmente selecionado a te habilitar para os desafios do aprendizado de jovens e crian\u00e7as, al\u00e9m de ter o conhecimento necess\u00e1rio para atua\u00e7\u00e3o no mercado de trabalho.<\/p>\n<p><strong>Certificado de 300 Horas\/Aula<\/strong><\/p>\n<p style=\"text-align: center;\" align=\"justify\"><span style=\"color: #339966;\"><strong>AO PAGAR O CURSO, VOC\u00ca EST\u00c1 DE ACORDO COM O SEGUINTE TERMO<\/strong><\/span><a href=\"https:\/\/iefc.com.br\/wp-content\/uploads\/2021\/07\/Acordo-on-line-iEFC-300.jpg\"><img loading=\"lazy\" decoding=\"async\" class=\"wp-image-22897 size-full aligncenter\" src=\"https:\/\/iefc.com.br\/wp-content\/uploads\/2021\/07\/Acordo-on-line-iEFC-300.jpg\" alt=\"\" width=\"682\" height=\"950\" srcset=\"https:\/\/i0.wp.com\/iefc.com.br\/wp-content\/uploads\/2021\/07\/Acordo-on-line-iEFC-300.jpg?w=682&amp;ssl=1 682w, https:\/\/i0.wp.com\/iefc.com.br\/wp-content\/uploads\/2021\/07\/Acordo-on-line-iEFC-300.jpg?resize=215%2C300&amp;ssl=1 215w, https:\/\/i0.wp.com\/iefc.com.br\/wp-content\/uploads\/2021\/07\/Acordo-on-line-iEFC-300.jpg?resize=300%2C418&amp;ssl=1 300w, https:\/\/i0.wp.com\/iefc.com.br\/wp-content\/uploads\/2021\/07\/Acordo-on-line-iEFC-300.jpg?resize=600%2C836&amp;ssl=1 600w\" sizes=\"auto, (max-width: 682px) 100vw, 682px\" \/><\/a><\/p>\n<p><a href=\"https:\/\/iefc.com.br\/wp-content\/uploads\/2021\/07\/Acordo-on-line-iEFC-300H-A.pdf\" target=\"_blank\" rel=\"noopener noreferrer\"><img loading=\"lazy\" decoding=\"async\" class=\"aligncenter wp-image-20501\" src=\"https:\/\/iefc.com.br\/wp-content\/uploads\/2020\/03\/bot_pdf.jpg\" alt=\"\" width=\"399\" height=\"61\" srcset=\"https:\/\/i0.wp.com\/iefc.com.br\/wp-content\/uploads\/2020\/03\/bot_pdf.jpg?w=635&amp;ssl=1 635w, https:\/\/i0.wp.com\/iefc.com.br\/wp-content\/uploads\/2020\/03\/bot_pdf.jpg?resize=300%2C46&amp;ssl=1 300w, https:\/\/i0.wp.com\/iefc.com.br\/wp-content\/uploads\/2020\/03\/bot_pdf.jpg?resize=600%2C92&amp;ssl=1 600w\" sizes=\"auto, (max-width: 399px) 100vw, 399px\" \/><br \/>\n<\/a><\/p>\n<p><span style=\"color: #0000ff;\"><strong>CERTIFICA\u00c7\u00c3O MEDIANTE PAGAMENTO TOTAL DO VALOR DO CURSO*<\/strong><\/span><\/p>\n<p><strong>*CONSULTE PARA FORMAS DE PAGAMENTO MENSAL<\/strong><\/p>\n","protected":false},"featured_media":22911,"comment_status":"open","ping_status":"closed","template":"","meta":{"_bbp_topic_count":0,"_bbp_reply_count":0,"_bbp_total_topic_count":0,"_bbp_total_reply_count":0,"_bbp_voice_count":0,"_bbp_anonymous_reply_count":0,"_bbp_topic_count_hidden":0,"_bbp_reply_count_hidden":0,"_bbp_forum_subforum_count":0,"content-type":"","pmpro_default_level":"","jetpack_publicize_message":"","jetpack_publicize_feature_enabled":true,"jetpack_social_post_already_shared":true,"jetpack_social_options":{"image_generator_settings":{"template":"highway","default_image_id":0,"font":"","enabled":false},"version":2}},"product_brand":[],"product_cat":[122,182,123,136],"product_tag":[157,183],"class_list":{"0":"post-22910","1":"product","2":"type-product","3":"status-publish","4":"has-post-thumbnail","6":"product_cat-curso","7":"product_cat-ead","8":"product_cat-educacao-especial","9":"product_cat-psicopedagogia","10":"product_tag-cuidador-escolar","11":"product_tag-ead","12":"pmpro-has-access","14":"first","15":"instock","16":"sold-individually","17":"shipping-taxable","18":"purchasable","19":"product-type-simple"},"aioseo_notices":[],"jetpack_publicize_connections":[],"jetpack_sharing_enabled":true,"_links":{"self":[{"href":"https:\/\/iefc.com.br\/index.php\/wp-json\/wp\/v2\/product\/22910","targetHints":{"allow":["GET"]}}],"collection":[{"href":"https:\/\/iefc.com.br\/index.php\/wp-json\/wp\/v2\/product"}],"about":[{"href":"https:\/\/iefc.com.br\/index.php\/wp-json\/wp\/v2\/types\/product"}],"replies":[{"embeddable":true,"href":"https:\/\/iefc.com.br\/index.php\/wp-json\/wp\/v2\/comments?post=22910"}],"wp:featuredmedia":[{"embeddable":true,"href":"https:\/\/iefc.com.br\/index.php\/wp-json\/wp\/v2\/media\/22911"}],"wp:attachment":[{"href":"https:\/\/iefc.com.br\/index.php\/wp-json\/wp\/v2\/media?parent=22910"}],"wp:term":[{"taxonomy":"product_brand","embeddable":true,"href":"https:\/\/iefc.com.br\/index.php\/wp-json\/wp\/v2\/product_brand?post=22910"},{"taxonomy":"product_cat","embeddable":true,"href":"https:\/\/iefc.com.br\/index.php\/wp-json\/wp\/v2\/product_cat?post=22910"},{"taxonomy":"product_tag","embeddable":true,"href":"https:\/\/iefc.com.br\/index.php\/wp-json\/wp\/v2\/product_tag?post=22910"}],"curies":[{"name":"wp","href":"https:\/\/api.w.org\/{rel}","templated":true}]}}