{"id":22939,"date":"2021-07-12T15:36:49","date_gmt":"2021-07-12T18:36:49","guid":{"rendered":"https:\/\/iefc.com.br\/?post_type=product&#038;p=22939"},"modified":"2021-07-12T15:43:35","modified_gmt":"2021-07-12T18:43:35","slug":"cpb16","status":"publish","type":"product","link":"https:\/\/iefc.com.br\/index.php\/produto\/cpb16\/","title":{"rendered":"Curso Profissional B\u00e1sico de Gest\u00e3o e Recrea\u00e7\u00e3o Esportiva #CPB16"},"content":{"rendered":"","protected":false},"excerpt":{"rendered":"<p>Diante dos in\u00fameros desafios do mundo contempor\u00e2neo que, naturalmente, tamb\u00e9m afetam a esfera desportiva \u2013 clubes, associa\u00e7\u00f5es, federa\u00e7\u00f5es, projetos, eventos, etc. \u2013, torna-se cada vez mais vital tratar a organiza\u00e7\u00e3o como um organismo vivo, pulsante, que busca adaptar-se \u00e0s mudan\u00e7as inexor\u00e1veis inerentes ao ambiente e \u00e0 forma de gerir as entidades. Considerando essa necessidade, o curso Gest\u00e3o Estrat\u00e9gica de Esportes proporciona o entendimento de como a organiza\u00e7\u00e3o esportiva se estrutura e realiza a gest\u00e3o do seu capital humano e relacional, buscando entender e aprimorar os processos decis\u00f3rios envolvidos que, de forma individual ou em equipes, impactam os resultados, o desenvolvimento e, at\u00e9 mesmo, a longevidade da organiza\u00e7\u00e3o.<br \/>\nAo longo do curso, o aluno ir\u00e1 desenvolver:<br \/>\n+a capacidade de identificar e analisar a estrutura da organiza\u00e7\u00e3o desportiva quanto \u00e0 sua efic\u00e1cia em rela\u00e7\u00e3o aos objetivos estabelecidos;<br \/>\n+conhecimentos para planejar, propor e implementar pol\u00edticas para uma gest\u00e3o eficiente dos recursos humanos e o desenvolvimento da organiza\u00e7\u00e3o;<br \/>\n+t\u00e9cnicas para promover um processo decis\u00f3rio tecnicamente fundamentado, voltado \u00e0s estrat\u00e9gias da organiza\u00e7\u00e3o e habilidades para avaliar as vulnerabilidades e potencializar as for\u00e7as existentes na organiza\u00e7\u00e3o bem como verificar se est\u00e1 estruturada para os desafios e oportunidades do ambiente externo, promovendo a gest\u00e3o de mudan\u00e7as necess\u00e1rias.<\/p>\n<p><strong>Certificado de 300 Horas\/Aula<\/strong><\/p>\n<p style=\"text-align: center;\" align=\"justify\"><span style=\"color: #339966;\"><strong>AO PAGAR O CURSO, VOC\u00ca EST\u00c1 DE ACORDO COM O SEGUINTE TERMO<\/strong><\/span><a href=\"https:\/\/iefc.com.br\/wp-content\/uploads\/2021\/07\/Acordo-on-line-iEFC-300.jpg\"><img loading=\"lazy\" decoding=\"async\" class=\"wp-image-22897 size-full aligncenter\" src=\"https:\/\/iefc.com.br\/wp-content\/uploads\/2021\/07\/Acordo-on-line-iEFC-300.jpg\" alt=\"\" width=\"682\" height=\"950\" srcset=\"https:\/\/i0.wp.com\/iefc.com.br\/wp-content\/uploads\/2021\/07\/Acordo-on-line-iEFC-300.jpg?w=682&amp;ssl=1 682w, https:\/\/i0.wp.com\/iefc.com.br\/wp-content\/uploads\/2021\/07\/Acordo-on-line-iEFC-300.jpg?resize=215%2C300&amp;ssl=1 215w, https:\/\/i0.wp.com\/iefc.com.br\/wp-content\/uploads\/2021\/07\/Acordo-on-line-iEFC-300.jpg?resize=300%2C418&amp;ssl=1 300w, https:\/\/i0.wp.com\/iefc.com.br\/wp-content\/uploads\/2021\/07\/Acordo-on-line-iEFC-300.jpg?resize=600%2C836&amp;ssl=1 600w\" sizes=\"auto, (max-width: 682px) 100vw, 682px\" \/><\/a><\/p>\n<p><a href=\"https:\/\/iefc.com.br\/wp-content\/uploads\/2021\/07\/Acordo-on-line-iEFC-300H-A.pdf\" target=\"_blank\" rel=\"noopener noreferrer\"><img loading=\"lazy\" decoding=\"async\" class=\"aligncenter wp-image-20501\" src=\"https:\/\/iefc.com.br\/wp-content\/uploads\/2020\/03\/bot_pdf.jpg\" alt=\"\" width=\"399\" height=\"61\" srcset=\"https:\/\/i0.wp.com\/iefc.com.br\/wp-content\/uploads\/2020\/03\/bot_pdf.jpg?w=635&amp;ssl=1 635w, https:\/\/i0.wp.com\/iefc.com.br\/wp-content\/uploads\/2020\/03\/bot_pdf.jpg?resize=300%2C46&amp;ssl=1 300w, https:\/\/i0.wp.com\/iefc.com.br\/wp-content\/uploads\/2020\/03\/bot_pdf.jpg?resize=600%2C92&amp;ssl=1 600w\" sizes=\"auto, (max-width: 399px) 100vw, 399px\" \/><br \/>\n<\/a><\/p>\n<p><span style=\"color: #0000ff;\"><strong>CERTIFICA\u00c7\u00c3O MEDIANTE PAGAMENTO TOTAL DO VALOR DO CURSO*<\/strong><\/span><\/p>\n<p><strong>*CONSULTE PARA FORMAS DE PAGAMENTO MENSAL<\/strong><\/p>\n","protected":false},"featured_media":22940,"comment_status":"open","ping_status":"closed","template":"","meta":{"_bbp_topic_count":0,"_bbp_reply_count":0,"_bbp_total_topic_count":0,"_bbp_total_reply_count":0,"_bbp_voice_count":0,"_bbp_anonymous_reply_count":0,"_bbp_topic_count_hidden":0,"_bbp_reply_count_hidden":0,"_bbp_forum_subforum_count":0,"content-type":"","pmpro_default_level":"","jetpack_publicize_message":"","jetpack_publicize_feature_enabled":true,"jetpack_social_post_already_shared":true,"jetpack_social_options":{"image_generator_settings":{"template":"highway","default_image_id":0,"font":"","enabled":false},"version":2}},"product_brand":[],"product_cat":[128,122,182,229],"product_tag":[183,230],"class_list":{"0":"post-22939","1":"product","2":"type-product","3":"status-publish","4":"has-post-thumbnail","6":"product_cat-atualidades","7":"product_cat-curso","8":"product_cat-ead","9":"product_cat-esportes","10":"product_tag-ead","11":"product_tag-esportes","12":"pmpro-has-access","14":"first","15":"instock","16":"sold-individually","17":"shipping-taxable","18":"purchasable","19":"product-type-simple"},"aioseo_notices":[],"jetpack_publicize_connections":[],"jetpack_sharing_enabled":true,"_links":{"self":[{"href":"https:\/\/iefc.com.br\/index.php\/wp-json\/wp\/v2\/product\/22939","targetHints":{"allow":["GET"]}}],"collection":[{"href":"https:\/\/iefc.com.br\/index.php\/wp-json\/wp\/v2\/product"}],"about":[{"href":"https:\/\/iefc.com.br\/index.php\/wp-json\/wp\/v2\/types\/product"}],"replies":[{"embeddable":true,"href":"https:\/\/iefc.com.br\/index.php\/wp-json\/wp\/v2\/comments?post=22939"}],"wp:featuredmedia":[{"embeddable":true,"href":"https:\/\/iefc.com.br\/index.php\/wp-json\/wp\/v2\/media\/22940"}],"wp:attachment":[{"href":"https:\/\/iefc.com.br\/index.php\/wp-json\/wp\/v2\/media?parent=22939"}],"wp:term":[{"taxonomy":"product_brand","embeddable":true,"href":"https:\/\/iefc.com.br\/index.php\/wp-json\/wp\/v2\/product_brand?post=22939"},{"taxonomy":"product_cat","embeddable":true,"href":"https:\/\/iefc.com.br\/index.php\/wp-json\/wp\/v2\/product_cat?post=22939"},{"taxonomy":"product_tag","embeddable":true,"href":"https:\/\/iefc.com.br\/index.php\/wp-json\/wp\/v2\/product_tag?post=22939"}],"curies":[{"name":"wp","href":"https:\/\/api.w.org\/{rel}","templated":true}]}}