{"id":22943,"date":"2021-07-12T16:42:40","date_gmt":"2021-07-12T19:42:40","guid":{"rendered":"https:\/\/iefc.com.br\/?post_type=product&#038;p=22943"},"modified":"2021-07-12T16:49:04","modified_gmt":"2021-07-12T19:49:04","slug":"cpb18","status":"publish","type":"product","link":"https:\/\/iefc.com.br\/index.php\/produto\/cpb18\/","title":{"rendered":"Curso Profissional B\u00e1sico de Matem\u00e1tica no 1\u00b0 e 2\u00b0 Ano dos Anos Iniciais #CPB18"},"content":{"rendered":"","protected":false},"excerpt":{"rendered":"<p>Como entender o sistema de ensino brasileiro? A gente n\u00e3o tem certeza se vai conseguir responder a todas suas perguntas, mas vamos pelo menos tentar!<br \/>\nComo os professores selecionam o conte\u00fado de <strong>Matem\u00e1tica<\/strong> (como ser um profissional na mat\u00e9ria?) a ser dado todos os anos nas escolas?<br \/>\nIsso depende da escola, do estado, da cidade e do professor. Muita coisa, n\u00e3o \u00e9? Por\u00e9m, todos eles devem seguir as Diretrizes Curriculares Nacionais para Educa\u00e7\u00e3o B\u00e1sica do MEC (Minist\u00e9rio da Educa\u00e7\u00e3o).<br \/>\nIsso quer dizer que a escolha do conte\u00fado pode variar em cada institui\u00e7\u00e3o de ensino e em cada regi\u00e3o do Brasil.<br \/>\nMas vamos ao que \u00e9 padronizado: o ensino fundamental no Brasil \u00e9 constitu\u00eddo de 9 anos. Muitos de voc\u00eas com idade superior a 20 anos v\u00e3o se perguntar: &#8220;O qu\u00ea? E eu que fiz at\u00e9 a 8\u00aa s\u00e9rie&#8221;.<br \/>\nCalma, a principal mudan\u00e7a nesses \u00faltimos anos no ensino brasileiro foi a inclus\u00e3o de mais um ano no ensino fundamental.<br \/>\nMas se agora os alunos fazem do 1\u00ba ao 9\u00ba ano, o que mudou com rela\u00e7\u00e3o ao ensino anterior?<br \/>\nNa verdade, eles aumentaram mais um ano no in\u00edcio da escolaridade. Ele corresponde a mais um ano dedicado a alfabetiza\u00e7\u00e3o da crian\u00e7a. Ou seja, voc\u00ea entra na escola com 6 anos de idade.<br \/>\nOs anos iniciais do ensino fundamental s\u00e3o respons\u00e1veis pela alfabetiza\u00e7\u00e3o da crian\u00e7a. Com a matem\u00e1tica n\u00e3o \u00e9 diferente, j\u00e1 que a mat\u00e9ria \u00e9 uma l\u00edngua com vocabul\u00e1rio e s\u00edmbolos pr\u00f3prios.<br \/>\nEnt\u00e3o, o objetivo \u00e9 que a crian\u00e7a conhe\u00e7a esses s\u00edmbolos e aprenda a fazer c\u00e1lculos b\u00e1sicos de cabe\u00e7a.<br \/>\nPortanto, \u00e9 importante enfatizar que ele pode variar dependendo da institui\u00e7\u00e3o.<\/p>\n<p><strong>Certificado de 300 Horas\/Aula<\/strong><\/p>\n<p style=\"text-align: center;\" align=\"justify\"><span style=\"color: #339966;\"><strong>AO PAGAR O CURSO, VOC\u00ca EST\u00c1 DE ACORDO COM O SEGUINTE TERMO<\/strong><\/span><a href=\"https:\/\/iefc.com.br\/wp-content\/uploads\/2021\/07\/Acordo-on-line-iEFC-300.jpg\"><img loading=\"lazy\" decoding=\"async\" class=\"wp-image-22897 size-full aligncenter\" src=\"https:\/\/iefc.com.br\/wp-content\/uploads\/2021\/07\/Acordo-on-line-iEFC-300.jpg\" alt=\"\" width=\"682\" height=\"950\" srcset=\"https:\/\/i0.wp.com\/iefc.com.br\/wp-content\/uploads\/2021\/07\/Acordo-on-line-iEFC-300.jpg?w=682&amp;ssl=1 682w, https:\/\/i0.wp.com\/iefc.com.br\/wp-content\/uploads\/2021\/07\/Acordo-on-line-iEFC-300.jpg?resize=215%2C300&amp;ssl=1 215w, https:\/\/i0.wp.com\/iefc.com.br\/wp-content\/uploads\/2021\/07\/Acordo-on-line-iEFC-300.jpg?resize=300%2C418&amp;ssl=1 300w, https:\/\/i0.wp.com\/iefc.com.br\/wp-content\/uploads\/2021\/07\/Acordo-on-line-iEFC-300.jpg?resize=600%2C836&amp;ssl=1 600w\" sizes=\"auto, (max-width: 682px) 100vw, 682px\" \/><\/a><\/p>\n<p><a href=\"https:\/\/iefc.com.br\/wp-content\/uploads\/2021\/07\/Acordo-on-line-iEFC-300H-A.pdf\" target=\"_blank\" rel=\"noopener noreferrer\"><img loading=\"lazy\" decoding=\"async\" class=\"aligncenter wp-image-20501\" src=\"https:\/\/iefc.com.br\/wp-content\/uploads\/2020\/03\/bot_pdf.jpg\" alt=\"\" width=\"399\" height=\"61\" srcset=\"https:\/\/i0.wp.com\/iefc.com.br\/wp-content\/uploads\/2020\/03\/bot_pdf.jpg?w=635&amp;ssl=1 635w, https:\/\/i0.wp.com\/iefc.com.br\/wp-content\/uploads\/2020\/03\/bot_pdf.jpg?resize=300%2C46&amp;ssl=1 300w, https:\/\/i0.wp.com\/iefc.com.br\/wp-content\/uploads\/2020\/03\/bot_pdf.jpg?resize=600%2C92&amp;ssl=1 600w\" sizes=\"auto, (max-width: 399px) 100vw, 399px\" \/><br \/>\n<\/a><\/p>\n<p><span style=\"color: #0000ff;\"><strong>CERTIFICA\u00c7\u00c3O MEDIANTE PAGAMENTO TOTAL DO VALOR DO CURSO*<\/strong><\/span><\/p>\n<p><strong>*CONSULTE PARA FORMAS DE PAGAMENTO MENSAL<\/strong><\/p>\n","protected":false},"featured_media":22944,"comment_status":"open","ping_status":"closed","template":"","meta":{"_bbp_topic_count":0,"_bbp_reply_count":0,"_bbp_total_topic_count":0,"_bbp_total_reply_count":0,"_bbp_voice_count":0,"_bbp_anonymous_reply_count":0,"_bbp_topic_count_hidden":0,"_bbp_reply_count_hidden":0,"_bbp_forum_subforum_count":0,"content-type":"","pmpro_default_level":"","jetpack_publicize_message":"","jetpack_publicize_feature_enabled":true,"jetpack_social_post_already_shared":true,"jetpack_social_options":{"image_generator_settings":{"template":"highway","default_image_id":0,"font":"","enabled":false},"version":2}},"product_brand":[],"product_cat":[146,122,182,136],"product_tag":[147,183,212,137],"class_list":{"0":"post-22943","1":"product","2":"type-product","3":"status-publish","4":"has-post-thumbnail","6":"product_cat-anos-iniciais","7":"product_cat-curso","8":"product_cat-ead","9":"product_cat-psicopedagogia","10":"product_tag-anos-iniciais","11":"product_tag-ead","12":"product_tag-matematica","13":"product_tag-psicopedagogia","14":"pmpro-has-access","16":"first","17":"instock","18":"sold-individually","19":"shipping-taxable","20":"purchasable","21":"product-type-simple"},"aioseo_notices":[],"jetpack_publicize_connections":[],"jetpack_sharing_enabled":true,"_links":{"self":[{"href":"https:\/\/iefc.com.br\/index.php\/wp-json\/wp\/v2\/product\/22943","targetHints":{"allow":["GET"]}}],"collection":[{"href":"https:\/\/iefc.com.br\/index.php\/wp-json\/wp\/v2\/product"}],"about":[{"href":"https:\/\/iefc.com.br\/index.php\/wp-json\/wp\/v2\/types\/product"}],"replies":[{"embeddable":true,"href":"https:\/\/iefc.com.br\/index.php\/wp-json\/wp\/v2\/comments?post=22943"}],"wp:featuredmedia":[{"embeddable":true,"href":"https:\/\/iefc.com.br\/index.php\/wp-json\/wp\/v2\/media\/22944"}],"wp:attachment":[{"href":"https:\/\/iefc.com.br\/index.php\/wp-json\/wp\/v2\/media?parent=22943"}],"wp:term":[{"taxonomy":"product_brand","embeddable":true,"href":"https:\/\/iefc.com.br\/index.php\/wp-json\/wp\/v2\/product_brand?post=22943"},{"taxonomy":"product_cat","embeddable":true,"href":"https:\/\/iefc.com.br\/index.php\/wp-json\/wp\/v2\/product_cat?post=22943"},{"taxonomy":"product_tag","embeddable":true,"href":"https:\/\/iefc.com.br\/index.php\/wp-json\/wp\/v2\/product_tag?post=22943"}],"curies":[{"name":"wp","href":"https:\/\/api.w.org\/{rel}","templated":true}]}}